). Let h be 3/2*224/p. What is the highest common divisor of n and h?
16
Suppose z + 0*z = -1. Let h be (z - 22/1)*-1. Suppose -72 = -d - 4*q, -69 - 309 = -4*d + 2*q. What is the greatest common divisor of d and h?
23
Suppose 116 = 5*d - 24. Calculate the greatest common factor of d and 252.
28
Suppose 2*z + 4 = -2*x - 0*x, -4*x - 2*z = 2. What is the highest common divisor of 8 and x?
1
Let o = 15 - 10. Suppose 0*t + o*t = 110. Let b = -12 - -23. Calculate the greatest common factor of b and t.
11
Let u be -1 + (-229)/(4/(-1) - -3). Let s = -6 - 152. Let p = u + s. What is the highest common divisor of p and 10?
10
Let q be 1 - 4 - 7*-1. Suppose v - q = 5*a, 60 = 4*v - v - 3*a. What is the greatest common divisor of v and 120?
24
Suppose 3*l - 56 = -2*f, 5*l - 60 = 2*l - 3*f. Let g(i) = i**3 - 1. Let c be g(0). Let h be c/(-4) - (-638)/8. Calculate the greatest common factor of l and h.
16
Let l = -2 + 25. Let j = -8 + l. Let s = 439 + -274. Calculate the highest common factor of s and j.
15
Let f = -133 - -240. Let b = f - 57. Calculate the highest common divisor of 10 and b.
10
Let t = 27 + 9. Calculate the highest common factor of t and 54.
18
Suppose 130 = -g + 6*g. Calculate the greatest common factor of g and 65.
13
Suppose -5*p + 15 = -4*p. Let v = 31 + -1. Calculate the greatest common divisor of p and v.
15
Let g(k) = -k**2 - 12*k - 15. Let p be g(-10). Let r = 31 - 16. What is the highest common factor of p and r?
5
Let g(v) = 9*v**3 - v. Suppose -4*n + 10 - 2 = 0. Let t = -1 + n. Let a be g(t). Calculate the greatest common divisor of a and 72.
8
Let i = 216 + -95. What is the highest common divisor of 11 and i?
11
Let s(f) = -f**3 + 8*f**2 - 8*f - 6. Let z be s(5). Calculate the highest common divisor of z and 232.
29
Let r = 4 - 2. Suppose -21 = -r*d + 29. Suppose -199 = -4*x + d. Calculate the greatest common factor of 14 and x.
14
Suppose -10*u = -12*u + 180. Calculate the greatest common factor of u and 10.
10
Let f be (-4)/(-14) + 18/(-14). Let d be 0 - (f + (-1 - -3)). Let g be (30/(2 + d))/1. What is the highest common divisor of g and 20?
10
Let y(i) = i - 5. Let n be y(-4). Let b = -3 - n. Let h be 153/b + 12/(-8). What is the greatest common factor of h and 3?
3
Let z(p) = 32*p - 6. Let q be z(5). Let f = -29 - -43. Calculate the greatest common factor of f and q.
14
Suppose 5*i = 1 + 29. Let y(v) = -2*v - 9. Let o be y(-6). Suppose -i*j = -o*j - 57. What is the greatest common factor of 133 and j?
19
Suppose 4*q + 2*r = 16, -3*q + 3*r = 6*r - 18. Suppose -2*l = 5*v - 17, -5*v + v - 44 = -q*l. Calculate the greatest common divisor of l and 8.
8
Let s = 78 + -55. Suppose -2*l - 13 = p, -3*l + 2*p = 2*l + 46. Let m = l + s. Calculate the highest common divisor of m and 15.
15
Let l be 8/2*(-30)/(-4). Let h be (12/(-5))/(1/(-25)). Suppose 2*b = -3*b + h. What is the greatest common divisor of l and b?
6
Suppose 2 - 18 = -4*q. Let u be 128/72 + q/18. What is the greatest common factor of u and 18?
2
Suppose -u = 4*c - 0*u - 5, -5*c + 13 = -u. Calculate the highest common divisor of c and 3.
1
Suppose -5*f = 3*k - 13, 2*f = 4*k + 6*f - 12. Suppose -13 = y - 4*u, 12*y + 3 = 11*y + 2*u. Calculate the highest common divisor of k and y.
1
Let y be 82/6 - 1*(-16)/12. Let j be (-7)/((-49)/60)*7. What is the highest common divisor of y and j?
15
Let t(c) be the third derivative of -c**6/30 - c**5/20 + 5*c**4/24 + 2*c**3/3 + c**2. Let i be t(-3). What is the greatest common divisor of 10 and i?
10
Let p(s) = 10*s**2 + 8*s + 1. Let b be p(-7). Let a be 2/7 - b/(-21). Calculate the highest common divisor of 3 and a.
3
Let l = 0 - 0. Suppose 5*n + l*n = 220. Calculate the highest common divisor of n and 11.
11
Let r = 94 - 87. Calculate the greatest common factor of 7 and r.
7
Let o(y) = y + 6. Let p be o(14). What is the highest common factor of 30 and p?
10
Let d(f) = -4*f + 1. Let q be d(-6). Let c(o) = -6*o + 1. Let y be c(-4). Calculate the highest common factor of y and q.
25
Let f(w) = 6*w - 13. Let j be f(4). Let d be (-2)/(-2) + (10 - 0). Calculate the greatest common factor of j and d.
11
Let t(v) = v**2 - 6*v - 10. Let c be t(9). What is the greatest common factor of 68 and c?
17
Let c = -87 + 133. Let j = c - 4. Suppose -2*g = -6 - 8. What is the greatest common divisor of j and g?
7
Let r = -34 + 36. Let m(q) = -q + 2. Let j be m(-4). Let a = 6 + j. What is the highest common factor of r and a?
2
Let i be 3 + (9 - 1) + 1. Calculate the highest common factor of 132 and i.
12
Let m = -116 + 135. Calculate the greatest common divisor of m and 57.
19
Let i(k) = -k**3 + k**2 - k + 20. Let p be i(0). Calculate the greatest common divisor of 5 and p.
5
Let i = -5 + 7. Suppose -5*h - 10 = 0, 2*t + i*h = 5*h + 12. What is the greatest common divisor of t and 6?
3
Let o be -19 - -18 - 122/(-2). What is the greatest common factor of o and 80?
20
Let m(q) = -2*q + 9. Let k be m(0). Calculate the greatest common divisor of k and 45.
9
Suppose -4*u + 16 = -5*m + 79, 5*m - 65 = 5*u. What is the greatest common divisor of 99 and m?
11
Let o(q) = 4*q**2 - 2*q + 4. Let w be o(4). Suppose w = 3*d + 2*d. Suppose -4*j - 2 = -3*j, -x = -4*j - 116. Calculate the greatest common factor of x and d.
12
Let w(l) = -146*l - 24. Let d(m) = -29*m - 5. Let u(q) = -14*d(q) + 3*w(q). Let x be u(-1). Calculate the highest common factor of x and 15.
15
Let v = 8 - 24. Let a = v - -11. Let h be -2 - a/(10/6). Calculate the greatest common divisor of 11 and h.
1
Let k = -8 - -13. Suppose -6 = 2*m - k*m. What is the greatest common factor of m and 6?
2
Suppose -s = -0*s - 31. Calculate the highest common divisor of s and 62.
31
Let v be ((-15 - -4) + 4)*-4. What is the greatest common divisor of v and 4?
4
Let h(g) = -g**2 + 7*g + 4. Let z be h(5). Suppose -46 = -3*r + z. Let p(d) = 26*d - 4. Let a be p(4). What is the greatest common divisor of r and a?
20
Suppose -r = l - 8, -3*r - r = 2*l - 16. What is the greatest common divisor of 104 and l?
8
Let z be 2/10 + 114/30. Suppose -l + 2*l = -4, a = l + 48. Calculate the greatest common factor of z and a.
4
Suppose -v + 20 = 3*v. Let z be (-70)/(15/(-6) + 2). Suppose 0 = -3*d - d + z. What is the highest common divisor of v and d?
5
Let i = -225 - 60. Let v be i/(-12) - (-6)/(-8). What is the highest common factor of 69 and v?
23
Let t = -51 - -58. What is the highest common factor of 7 and t?
7
Let o be (119/(-2) + -1)*-2. Let k be 435/39 + 2 + (-84)/39. Calculate the highest common divisor of k and o.
11
Suppose -4*u + 2*d + 144 = 0, 4*d + 30 = u - 6. What is the highest common divisor of u and 54?
18
Suppose p = 3*j - 34, j + 4*p - 18 = 3*p. Calculate the highest common factor of j and 65.
13
Let y(k) = k**2 - 2. Let b be y(2). Suppose -g = -3*p - 18, -3*p = -2*g + b*p + 32. Calculate the greatest common divisor of g and 12.
6
Let k be (0 - 1) + (2 - -2). Suppose k*t = -0*t + 3. Let p be 8/16*(1 + t). Calculate the greatest common divisor of 1 and p.
1
Let a be 0 - (-2 - 154) - 2. Let w = 49 + a. Calculate the greatest common factor of 29 and w.
29
Suppose a = 3*c + 2*c + 4, 0 = a + 2*c - 11. Let w be (-4)/2 + 6/1. Suppose -41 = -5*l - w*y, 11 = l + y - 3*y. Calculate the highest common divisor of a and l.
9
Suppose -4*w = -2*m + 6, -2*w + 4*w = 3*m + 7. Let j be -3*(-1 + w/6). Calculate the greatest common divisor of 20 and j.
5
Suppose -3*k + 37 = y, -2*k + 5*k = -4*y + 184. Calculate the highest common factor of 392 and y.
49
Let z = 61 - 31. Calculate the highest common divisor of 20 and z.
10
Let g = -7 - -15. What is the greatest common factor of g and 56?
8
Let w be 10/15 + 88/3*1. Calculate the highest common factor of w and 10.
10
Let b be (0 - -36)*1/2. Let j(v) = 2*v**3 + v - 10*v**3 - 20*v**3 - 2*v**2 - 2*v. Let w be j(-1). Calculate the greatest common factor of w and b.
9
Let m = 41 - 79. Let q = m + 60. Calculate the highest common divisor of q and 33.
11
Let s = 108 - 100. What is the greatest common factor of 40 and s?
8
Suppose 4*m = x - 0*m - 15, -2*x + m = -9. Suppose x*d + 246 = 3*y, 4*y = -5*d + 260 + 50. Let u = -38 + 58. Calculate the greatest common factor of u and y.
20
Let y = 0 + 15. Let d be 24/(-10)*(-100)/3. Suppose d = a + 5*c, a - c - 71 = 3*c. Calculate the greatest comm